 = 4*i - 44. Let r(d) = -d - 10. Give r(k).
-2
Let k(g) be the third derivative of 2/15*g**5 - 1/12*g**4 + 0*g + 1/6*g**3 + 3*g**2 + 0. Give k(1).
7
Let n(p) = -p**2 + 3*p - 3*p + 11 - 18. Calculate n(0).
-7
Let z(o) = -7*o**3 - 8*o**2 - 4*o - 5. Let n be (-150)/(-22) + 10/55. Let t(b) = -10*b**3 - 12*b**2 - 6*b - 7. Let g(h) = n*z(h) - 5*t(h). Calculate g(-4).
-8
Let h(d) = 6*d**3 - d**2 + 2*d - 1. Suppose -36 + 3 = -5*m + 4*t, 3*t = -6. Suppose -m*y + 2 = -3. Determine h(y).
6
Let z(u) = u**2 + 9*u + 1. Let c be z(-8). Let b(d) = -d**3 - 8*d**2 - 7*d - 3. Determine b(c).
-3
Let s(n) = n + 11. Let u(x) = -2*x - 23. Let a be (-5)/(-10) + (-6)/(-4). Let g(r) = a*u(r) + 5*s(r). Determine g(-5).
4
Let a(r) be the second derivative of -1/12*r**4 + 0 + r**3 + 3*r - 2*r**2. Give a(3).
5
Let k(r) = 11*r - 1. Let o(b) = -9*b + 2. Let q(j) = -3*k(j) - 4*o(j). Let x be 5 - (-2 + 2/1). Give q(x).
10
Let l(p) = -4*p**3 + p**2 + 1. Let c(y) = 7*y**3 - 3*y**2 + y - 1. Let m(x) = -3*c(x) - 5*l(x). Let f(k) = k**2 - 3*k - 1. Let q be f(4). Calculate m(q).
-2
Let x(a) = a**3 + 2*a**2 + 3. Let y be x(-3). Let f(i) = 4*i - 13*i + 3 + 8*i. Give f(y).
9
Let h(j) = 4*j - 2. Let u be -1*(-3 + 5) + 6. Suppose -s - 4*y = -12, 4*s + 2*y = 16 + u. What is h(s)?
14
Let p(u) be the third derivative of -u**5/60 - u**4/4 + u**3/3 + 15*u**2. Give p(-6).
2
Let c(f) = f**2 - 17*f - 66. Let m be c(-3). Let j(l) = -7*l - 8. Let g(p) = p. Let n(h) = 4*g(h) + j(h). What is n(m)?
10
Let g(j) = 2*j**2 - 2 + j**3 + 8*j - 9*j + 0*j**3. Determine g(-2).
0
Let s(z) be the first derivative of -z**4/4 - 5*z**3/3 - 2*z**2 - 1. Let x = -9 - -5. What is s(x)?
0
Suppose -4 = -8*n + 4*n. Let j(f) = -3*f**3 - f**2 + f - 1. Calculate j(n).
-4
Let r(h) = -h**2 + 2*h - 3. Let v be r(2). Let g(f) = 2 + 4*f + 4 - 2*f - f. Let d(t) = 1. Let k(m) = d(m) + g(m). Calculate k(v).
4
Let r(p) = -p**2 + p + 2. Let o(j) = -7*j**2 + 4*j + 11. Let m(l) = o(l) - 6*r(l). Give m(-3).
-4
Suppose -b + g = 7, 6*b - g = 3*b - 29. Let t be b/5 - 2/(-10). Let f(a) = -2*a - 3. Calculate f(t).
1
Let v(y) = y**3 - 5*y**2 + 6*y - 6. Let k be v(4). Let q(n) = 0*n - 1 - 4*n - k. Suppose 0*o + i - 1 = -2*o, -2*i = -o - 12. Determine q(o).
5
Let v(r) = 1 + 44*r - 21*r - 24*r. Determine v(-4).
5
Let g be 2/(-5) - (-7)/5. Let b(v) = -g + 2*v - 2 + 0*v. Let p(k) = -2*k + 13. Let o be p(5). What is b(o)?
3
Let o(q) be the first derivative of -9*q**2/2 - 3*q - 10. Give o(-2).
15
Let o(w) be the third derivative of -6*w**2 - 1/3*w**3 + 0 + 1/8*w**4 + 0*w. Calculate o(2).
4
Let a(z) = -z**3 - z**2 + 7*z + 3. Let y be a(-3). Let j(o) be the second derivative of y*o**3 - o + o**2 + 1/12*o**4 + 1/20*o**5 + 0. What is j(-2)?
-2
Let a be ((-15)/(-10))/(3/(-4)). Let w(o) be the first derivative of -o**4/4 - o**3/3 + o**2/2 + 2*o + 2. Calculate w(a).
4
Let x = -3 - -2. Let s(f) = -4*f**2 - 4*f - 3. Let b(k) = -k - 1. Let o(z) = z + 1. Let j(m) = 2*b(m) + o(m). Let v(u) = 2*j(u) - s(u). Give v(x).
3
Suppose 7 = 3*n + 1. Suppose -n*d + 18 = -0*d. Suppose -3 = -z - d. Let o(a) = -a**3 - 7*a**2 - 7*a - 6. Give o(z).
0
Let h(l) = l**3 + 6*l**2 + 4*l + 2. Let i(z) = -2*z**3 + z**2 - z - 1. Let u be i(-1). Suppose -u*n - 10 = -n. Give h(n).
7
Let r(m) = -m + 2. Let b(h) = -2*h + 1. Suppose -4*i = i + 15. Let t(j) = i*b(j) + 2*r(j). Suppose -y - 3*z = 13, -2*y + 17 = -3*y - 4*z. What is t(y)?
-3
Let b be 1/(-1)*(-3)/1. Let m = 6 - b. Let q(j) = -2*j**2 + 5*j - 2. Give q(m).
-5
Let d(m) = -m**2 + m - 1. Let i = 1 + -4. What is d(i)?
-13
Let l(g) = -4*g**2 - 3*g + 2. Let r(q) = -3*q**2 - 2*q + 1. Let a(x) = -4*l(x) + 5*r(x). Let v = -16 + 12. Calculate a(v).
5
Suppose h + 4*h = 0. Let f(r) = -r + r + 7 + h*r - r. Calculate f(0).
7
Let n(g) = -56*g**2 + 2*g - 1 + 69*g**2 - 30*g**2. What is n(1)?
-16
Let a(x) be the second derivative of x**5/20 + x**4/3 + x**3/3 + 2*x**2 + x. Suppose 2*o - 17 + 1 = 5*b, -o - 18 = 4*b. What is a(b)?
-4
Let u(w) = -3*w + 11. Let b(t) = 3*t - 10. Let h(l) = -3*b(l) - 2*u(l). Let m(f) = -2*f + 7. Let q(o) = 3*h(o) - 4*m(o). Let n = -9 - -9. Give q(n).
-4
Let f(i) = i**3 + 3*i**2 - 3. Let u(t) = 3*t**3 + 6*t**2 + 5*t**2 - 5 - 4*t**2. Let w(s) = 5*f(s) - 2*u(s). What is w(0)?
-5
Let i(s) be the second derivative of -s**3/6 + 4*s. What is i(4)?
-4
Suppose 0 = -2*u + 4*u - 4. Let s(f) = 1 - 4*f**2 - 3*f**3 + f + 4*f**u. Calculate s(-1).
3
Let r(p) = 7*p + 2. Let g be (-24)/(-10) - 20/50. Give r(g).
16
Let m(b) = b - 4. Let s(r) = 4*r - 13. Let g(u) = -8*m(u) + 3*s(u). Suppose 2 = -6*a + 4*a + 4*f, 4 = 2*a - 2*f. What is g(a)?
13
Let y(a) = 3 - a - 3. Let v = 3 + -4. What is y(v)?
1
Let a(b) = -b**3 - 8*b**2 + 9. Let g be -5 - (12/(6 + -4) + -3). Determine a(g).
9
Suppose -2 = -5*t + 3*s, -5*t + s = -4*s - 10. Let d(o) = o - 3 - 3*o - o - o**2. Give d(t).
-1
Let t be 4/(-3) - (-5)/15. Let b be t/(-1*(-2)/4). Let w(g) = 2*g**2 + 4*g + 2. Calculate w(b).
2
Let b = 4 + -6. Let x(z) = -6*z**3 + z**2 + 4*z + 3. Let q(o) = 6*o**3 - 3*o - 2. Let p(l) = b*x(l) - 3*q(l). Give p(1).
-7
Let f = 94 + -104. Let d(u) = 2*u + 15. Determine d(f).
-5
Suppose 3*o = -3*f - 21, -3*o - 2*o - f = 23. Let u(q) = q**3 + 4*q**2 - 4*q - 1. Calculate u(o).
15
Suppose 3*p - 22 = 2*y + 2*y, 4*p + 8 = -4*y. Let a(c) = -2*c - 3. What is a(y)?
5
Let l(f) be the third derivative of f**9/60480 + f**8/20160 - f**7/2520 - f**6/240 + f**5/20 - 3*f**2. Let o(b) be the third derivative of l(b). What is o(-2)?
-3
Let m(i) be the second derivative of -i**3/3 - 3*i**2 - 2*i. Suppose 16 = k - 5*v, 6 = 4*k - 3*v - 7. Suppose k = c + 6. Determine m(c).
4
Let o be (-16)/12*27/(-12). Let u(i) = 6 - 10*i**2 + o*i**2 - 4*i + 0*i**3 - i**3. Let x(g) = g**3 - 5*g**2 - g - 1. Let s be x(5). Calculate u(s).
-6
Let w(n) = -5*n - 1. Suppose 5*u - 3*d = 77, -2*u + 0*u = d - 22. Let p(z) = -3 - 2*z + 2*z - z - u*z. Let g(j) = -4*p(j) + 11*w(j). What is g(4)?
5
Suppose -2*h = -13*h + 9*h. Let k(a) = 2*a - 4. Let c(q) = -q + 1. Let x(u) = -3*c(u) - k(u). Calculate x(h).
1
Let z(n) = 9*n**2 + 23*n + 5. Let j(b) = -4*b**2 - 11*b - 2. Let h(v) = -13*j(v) - 6*z(v). Determine h(3).
-7
Let s(i) be the first derivative of 1/4*i**4 - 2 + 4*i - 1/10*i**5 + 3/2*i**2 - 1/3*i**3. Let j(p) be the first derivative of s(p). Determine j(2).
-5
Let a(c) = c + 1. Let v(m) = -m**2 + 0 - 4*m + m - 3. Let o(l) = -17*a(l) - 6*v(l). Calculate o(-1).
6
Let d(r) = 0 - 3 + r + 1. Let f(i) = -i**3 + 6*i**2 + i - 6. Let j be f(6). Let p = j - -3. Determine d(p).
1
Let b(y) = y**2 - 7*y + 4. Let v = 131 - 124. What is b(v)?
4
Let k(y) = 375*y**2 + 3*y**3 - 9 - 376*y**2 - 2*y**3. What is k(0)?
-9
Let d(o) be the third derivative of o**5/60 - o**4/24 + o**3/2 + 14*o**2. Give d(0).
3
Let o(z) be the first derivative of 4 - 7/2*z**2 + 7/3*z**3 - 1/4*z**4 - 3*z. Calculate o(6).
-9
Let b(m) = m + 1. Let z = 3 + 1. Suppose -z*y = -2*c - 20, -2*y = c - 0*c - 2. Let v = -9 - c. Give b(v).
-4
Let y = -6 - -4. Let a(s) be the first derivative of -1 + 0*s**2 - 1/3*s**3 - 2*s. Determine a(y).
-6
Suppose -26 = -r - 5*w, -8 = r - 5*r + 4*w. Let i(l) = -l - 2. Let b(d) be the third derivative of d**3/6 + d**2. Let q(k) = 2*b(k) + i(k). Determine q(r).
-6
Suppose r + 4 = 3*r. Suppose -9 = 2*i - 3*y, -3*i + i - r*y = -16. Let c(l) = l**3 - 5*l**2 + 2*l + 3. Calculate c(i).
-9
Suppose 0 = 3*l - 11 - 4. Let o(t) = -t**2 + 2*t + 5. Calculate o(l).
-10
Suppose -11*x + 15*x + 20 = 0. Let s(w) be the third derivative of 5/6*w**3 - 1/8*w**4 + 0*w + 0 - 1/60*w**5 + w**2. Give s(x).
-5
Let i(d) = d - 3. Suppose 2*g = 3 + 1. Suppose 2 + g = 2*k. Suppose m + k = 3*b - 4, -3*b - 3 = 2*m. What is i(m)?
-6
Let k(s) = -2*s. Let x(v) = -2*v. Let p(y) = 3*k(y) - 2*x(y). Suppose 0 = -3*o + 16 - 4. Determine p(o).
-8
Let s(l) = l - 8. Let y = -1 - -1. Give s(y).
-8
Let g(m) be the second derivative of m**4/12 + 2*m**2 - 7*m. What is g(-3)?
13
Let v(l) be the second derivative of l**3/2 - 8*l. Determine v(3).
9
Let d(f) be the third derivative of -f**6/120 + f**5/15 - f**4/8 - f**3/6 - 27*f**2. Give d(4).
-13
Let v(c) = -c**2 + 6*c + 3. Let s = 18 + -12. Let u be 1/s - 370/(-12). Suppose -4*z + u - 7 = 0. Calculate v(z).
3
Let c = -1 + 4. Let x(w) = 4*w + 0 - 7 - c*w. Let z be x(4). Let n(a) = a**3 + 3*a**2 - 2*a + 1. Determine n(z).
7
Let r(g) =